d r?
30
Suppose 2 = -5*u + 3*x, -5*u + 21 = 4*x - 5. Suppose 0 = u*p + 2*p - 300. Calculate the highest common divisor of 30 and p.
15
Suppose 0 = -4*z - 4*s + 13556, -4*z + 5*s = -7748 - 5799. Calculate the highest common divisor of 14 and z.
14
Let l(x) = -x**2 + 1120. Let t be l(0). Let k = 151 - 156. Let m be ((-1)/2)/(k/t). Calculate the greatest common divisor of 14 and m.
14
Let o = -359 + 584. Calculate the highest common divisor of 200 and o.
25
Let q = -13 - -16. Let h be 3*(10 - q)/1. Calculate the greatest common divisor of 105 and h.
21
Let u be ((-1)/(-2))/(2/8). Suppose -q = 5*y - 43, y - 20 = -2*q - u*q. What is the highest common divisor of 4 and y?
4
Let q(w) = -w + 6. Let i be q(0). Suppose -26*j + 36 = -20*j. What is the greatest common factor of i and j?
6
Let a(d) = -251*d - 496. Let k be a(-8). What is the highest common divisor of k and 56?
56
Suppose p - 129 = 2*z, 4*z - 6*z - p - 131 = 0. Let u = z - -69. Calculate the greatest common divisor of 8 and u.
4
Let n(l) = -l + 6*l**2 - 155*l**3 - 3*l**2 + 27*l**3 - 4*l**2. Let z be n(-1). What is the highest common factor of z and 32?
32
Suppose f + 2*a - 5 - 18 = 0, -3*f + a = -69. Calculate the greatest common factor of f and 736.
23
Suppose -19*p + 2*t - 381 = -24*p, -5*p = 4*t - 377. Calculate the greatest common factor of 35 and p.
7
Suppose -4*l = -2*b + 4, l = -2*l. Suppose b*h - 45 = -h. Suppose q - 65 = -4*t, 2*t - 15 = 2*q + 5. Calculate the greatest common divisor of h and t.
15
Let j be 3 - (3 + (-6)/3). Let g = 8 - -20. Let a be 20/g + (-6)/(-21). What is the highest common factor of j and a?
1
Let t(v) = 14*v - 20. Let z be t(4). Suppose 5*u + 9 = 2*q + 67, u = q + 11. Calculate the highest common divisor of u and z.
12
Let y(a) = -a**2 - 11*a + 4. Let z be y(-9). Suppose c - z = b, -2*b + 67 = 5*c - 43. Suppose -8*r = -6*r - c. Calculate the highest common divisor of r and 99.
11
Suppose 10*z - 2452 = -2*i + 13*z, -1252 = -i - 5*z. What is the greatest common factor of 77 and i?
77
Let k(u) = -u**3 + 67*u**2 - 52*u - 621. Let f be k(66). What is the highest common factor of 3 and f?
3
Suppose 2*n = 4*x - 400, -505 = 3*x - 8*x + 5*n. Calculate the greatest common factor of 9 and x.
9
Suppose -26*a = -10647 - 1937. What is the highest common divisor of a and 4?
4
Suppose -36*a + 18*a + 9954 = 0. What is the greatest common divisor of a and 28?
7
Suppose 16*m - 747 + 171 = 0. What is the greatest common divisor of 324 and m?
36
Let a be 9*(1 - (2 - 2)). Let x be (23/69)/((-2)/(-498)). Let s = x + -47. Calculate the highest common divisor of s and a.
9
Let u = 231 - 201. Calculate the greatest common factor of 50 and u.
10
Let l(g) = 3*g - 14. Let i be l(6). Suppose i*d - 2*d = 180. Calculate the greatest common divisor of d and 18.
18
Let n(p) = -3*p**2 - 27*p + 37. Let y be n(-10). Calculate the highest common factor of y and 119.
7
Suppose 0 = -s + 4*j + 29, 5*s - 75 - 34 = 2*j. What is the highest common divisor of 1575 and s?
21
Let j be 184 - ((-282)/48 - 1/8). What is the greatest common divisor of 20 and j?
10
Suppose 4*s - 9*s = -1000. Calculate the greatest common factor of s and 40.
40
Suppose 4*o - 18 = -6. Let r be (-10)/o*(-2)/(-10)*-42. Let h be (41 - -1) + 0/3. Calculate the highest common divisor of r and h.
14
Suppose -16 - 1 = -y. Let c = -256 + 358. Calculate the greatest common divisor of y and c.
17
Let q = -415 - -439. What is the highest common divisor of q and 156?
12
Let h(u) = -116*u + 1056. Let z be h(9). Calculate the highest common factor of 528 and z.
12
Let w(p) = 12*p - 29. Let g be w(12). Suppose 9*q + 16 - g = 0. What is the highest common divisor of q and 44?
11
Suppose 5*u = 2*z - 75 - 184, z - 122 = u. Suppose -s - 22 = -26. Suppose 5*y - s*t = 24 + 21, 0 = -4*y - t + 57. What is the highest common factor of y and z?
13
Suppose 4*m - t = 5*m - 19, -2*t - 10 = 0. Suppose -g - 202 = -0*g. Let f = g - -466. What is the greatest common divisor of m and f?
24
Suppose 80 = 4*b - 8*b. Let l = -10 - b. What is the highest common factor of l and 5?
5
Suppose 0 = 4*d - 0*d - 5*y - 51, -d + 17 = 3*y. Let s = 0 + 98. What is the highest common divisor of d and s?
14
Let c be 2/(-8) + (-195)/(-12). Suppose 2*s - 168 = 15*h - 16*h, -5*h = -2*s - 888. Calculate the highest common divisor of h and c.
16
Let w = 1448 - 1402. Let u be 3/12 + (-4046)/(-8). What is the greatest common divisor of u and w?
46
Let f = 267 + -157. Suppose 48*k - 39*k - 90 = 0. What is the highest common factor of f and k?
10
Let h = -136 - -148. Let i(m) = m. Let v(p) = -p + 4. Let f(y) = -2*i(y) + 2*v(y). Let b be f(-7). What is the greatest common divisor of b and h?
12
Let l(i) = 37*i**2 + 6*i + 13. Let h be l(-4). What is the highest common factor of h and 7?
7
Let f = -54 - -93. Suppose -f = -2*h - h. Calculate the highest common factor of 117 and h.
13
Let h = -12 + 33. Let a(j) = 10*j**2 - 2*j - 12. Let w be a(-4). Suppose 3*s = 33 + w. What is the highest common factor of h and s?
21
Suppose -145 = -2*l + 8*k - 3*k, -4*k + 304 = 4*l. Calculate the highest common factor of l and 6.
3
Let u(p) = 5*p**2 - 2*p - 1. Suppose 9*o + 4 = 5*o. Let n be u(o). Calculate the greatest common divisor of 12 and n.
6
Let h be -12*(-1 + 3 + (-22)/6). Suppose 2*s - 3*s = 2*b - h, 5*s - 4*b - 170 = 0. Calculate the highest common factor of s and 330.
30
Let l be (75/4)/((-6)/(-16)). Suppose -17 = 3*v + 4*h - l, -50 = -5*v - 5*h. Let i be 7 + -4 + 0 - -1*4. Calculate the greatest common factor of i and v.
7
Suppose 0 = -5*c + 1002 + 373. Calculate the highest common divisor of c and 25.
25
Let i = -46 + 646. Calculate the highest common factor of i and 12.
12
Let m be (-3)/(20/(-6) + 3). Let s(d) = 6*d**2 - 2*d + 3. Let y be s(2). Let n = y - m. What is the greatest common factor of n and 7?
7
Let v be 202/5 + -3 + 22/(-55). What is the highest common factor of 333 and v?
37
Let f = -10 + 28. Let o be -2 + 1 - 0/2. Let j be -1 + (o - -2) - -2. Calculate the greatest common factor of j and f.
2
Suppose 5*w = 13*w - 56. Suppose y + w*y - 1664 = 0. Calculate the greatest common divisor of y and 8.
8
Let g be (3/(-4))/((-1)/12). Let h be (-220)/(-132)*(-18)/(-10). Suppose -g = h*b, -58 = -5*s - 3*b - b. What is the highest common factor of 98 and s?
14
Suppose 2*f + 1 - 5 = 0. Let o be 2*5 - (0 + f). Let d be (-8)/(-2)*1 - 2. Calculate the greatest common factor of d and o.
2
Let n be (-102)/(-153)*(-294)/(-4). Calculate the greatest common factor of 28 and n.
7
Let z be 12/(-28) - ((-3546)/42 - 6). Calculate the greatest common divisor of z and 250.
10
Suppose -3*k - 16 = -4*q - 78, -q - 56 = -3*k. Suppose -i = -6*i + 10. Calculate the greatest common divisor of k and i.
2
Let z be 1184/(-24) - (-2)/6. Let h = z - -53. Calculate the greatest common divisor of h and 12.
4
Suppose -687*j + 690*j = 9. What is the highest common factor of 16 and j?
1
Suppose 2*r = 0, -j + 3*r + 2*r = 0. Let c be (-1)/(j - 5/105). What is the greatest common divisor of c and 63?
21
Let u be (-2)/7 - (-226)/7. Suppose 0 = -3*v - 4*r + 116, -103*r + 13 = v - 98*r. What is the highest common factor of v and u?
16
Let p(k) = 0*k**3 - 8*k**2 - 3*k + 0 + 3 + k**3. Let u be p(9). What is the highest common factor of 513 and u?
57
Suppose 0 = 2*s - 20 - 4. Let j be (975/45 + -21)/(1/27). What is the highest common divisor of s and j?
6
Suppose 5*p + 1 = 11. Suppose i + v = -v - 18, v = -p*i - 27. Let c be (-1)/(i/(-28))*-6. Calculate the highest common divisor of c and 14.
14
Let w be -6*(0/(-2) - 6). Suppose 0 = 2*t - 5*n - 63, -15 = 4*n - n. Suppose -3*z + t + 8 = 0. What is the highest common divisor of z and w?
9
Suppose 0 = -69*s + 384 + 1449 - 384. Suppose m - 137 = -2*r, 5*m + 4*r - 1172 = -457. Calculate the highest common factor of s and m.
21
Let y(m) = -m**3 - 18*m**2 - 24*m + 16. Let o(k) = k**3 - 4*k**2 - 5*k + 3. Let z be o(4). Let r be y(z). Calculate the highest common divisor of r and 15.
15
Let q(l) = l**2 - 3*l - 2. Suppose -6*g + 9 = -7*g. Let a be q(g). Let s be 12/54 - a/(-9). Calculate the greatest common factor of s and 60.
12
Suppose 2*j - v - 24 = 0, 4*j - v + 0*v - 46 = 0. Let b be 3/(3/2) + 1. Suppose -b*a + 301 - 70 = 0. What is the greatest common divisor of j and a?
11
Suppo